{"id":513,"date":"2024-07-27T12:44:19","date_gmt":"2024-07-27T12:44:19","guid":{"rendered":"https:\/\/coleccionismomusicaycine.com\/?post_type=product&#038;p=513"},"modified":"2026-02-16T10:12:29","modified_gmt":"2026-02-16T10:12:29","slug":"dvd-deep-throat-garganta-profunda-estados-unidos-sealed-aquitienesloquebuscas","status":"publish","type":"product","link":"https:\/\/coleccionismomusicaycine.com\/?product=dvd-deep-throat-garganta-profunda-estados-unidos-sealed-aquitienesloquebuscas","title":{"rendered":"DVD DEEP THROAT GARGANTA PROFUNDA ESTADOS UNIDOS LINDA LOVELACE &#038; HARRY REEMS SEALED AQUITIENESLOQUEBUSCAS.COM"},"content":{"rendered":"<p>WWW.AQUITIENESLOQUEBUSCAS.COM<\/p>\n<p>SEALED. PRECINTADO.<\/p>\n<p>LINDA LOVELACE HARRY REEMS<br \/>\nDOLLY SHARP BILL HARRISON<br \/>\nWILLIAM LOVE CAROL CONNORS<br \/>\nJOHN BYRON MICHAEL POWERS<br \/>\nBOB PHILIPS TED STREET AL GORK.<\/p>\n<p>ESCRITA Y DIRIGIDA POR:<br \/>\nJERRY GERARD.<\/p>\n<p>AUDIO: INGL\u00c9S.<\/p>\n<p>SUBT\u00cdTULOS: PORTUGU\u00c9S.<\/p>\n<p>MADE IN USA. ESTADOS UNIDOS.<\/p>\n","protected":false},"excerpt":{"rendered":"<p>WWW.AQUITIENESLOQUEBUSCAS.COM SEALED. PRECINTADO. LINDA LOVELACE HARRY REEMS DOLLY SHARP BILL HARRISON WILLIAM LOVE CAROL CONNORS JOHN BYRON MICHAEL POWERS BOB PHILIPS TED STREET AL GORK. ESCRITA Y DIRIGIDA POR: JERRY GERARD. AUDIO: INGL\u00c9S. SUBT\u00cdTULOS: PORTUGU\u00c9S. MADE IN USA. ESTADOS UNIDOS.<\/p>\n","protected":false},"featured_media":514,"comment_status":"open","ping_status":"closed","template":"","meta":[],"product_brand":[],"product_cat":[16,19],"product_tag":[],"class_list":{"0":"post-513","1":"product","2":"type-product","3":"status-publish","4":"has-post-thumbnail","6":"product_cat-coleccionismo","7":"product_cat-coleccionismo-coleccionismo","9":"first","10":"instock","11":"shipping-taxable","12":"purchasable","13":"product-type-simple"},"_links":{"self":[{"href":"https:\/\/coleccionismomusicaycine.com\/index.php?rest_route=\/wp\/v2\/product\/513","targetHints":{"allow":["GET"]}}],"collection":[{"href":"https:\/\/coleccionismomusicaycine.com\/index.php?rest_route=\/wp\/v2\/product"}],"about":[{"href":"https:\/\/coleccionismomusicaycine.com\/index.php?rest_route=\/wp\/v2\/types\/product"}],"replies":[{"embeddable":true,"href":"https:\/\/coleccionismomusicaycine.com\/index.php?rest_route=%2Fwp%2Fv2%2Fcomments&post=513"}],"wp:featuredmedia":[{"embeddable":true,"href":"https:\/\/coleccionismomusicaycine.com\/index.php?rest_route=\/wp\/v2\/media\/514"}],"wp:attachment":[{"href":"https:\/\/coleccionismomusicaycine.com\/index.php?rest_route=%2Fwp%2Fv2%2Fmedia&parent=513"}],"wp:term":[{"taxonomy":"product_brand","embeddable":true,"href":"https:\/\/coleccionismomusicaycine.com\/index.php?rest_route=%2Fwp%2Fv2%2Fproduct_brand&post=513"},{"taxonomy":"product_cat","embeddable":true,"href":"https:\/\/coleccionismomusicaycine.com\/index.php?rest_route=%2Fwp%2Fv2%2Fproduct_cat&post=513"},{"taxonomy":"product_tag","embeddable":true,"href":"https:\/\/coleccionismomusicaycine.com\/index.php?rest_route=%2Fwp%2Fv2%2Fproduct_tag&post=513"}],"curies":[{"name":"wp","href":"https:\/\/api.w.org\/{rel}","templated":true}]}}