{"id":6920,"date":"2026-03-28T17:36:36","date_gmt":"2026-03-28T17:36:36","guid":{"rendered":"https:\/\/coleccionismomusicaycine.com\/?post_type=product&#038;p=6920"},"modified":"2026-03-28T17:45:18","modified_gmt":"2026-03-28T17:45:18","slug":"dvd-champagne-chispeante-elsa-zylberstein-sealed-www-aquitienesloquebuscas-com","status":"publish","type":"product","link":"https:\/\/coleccionismomusicaycine.com\/?product=dvd-champagne-chispeante-elsa-zylberstein-sealed-www-aquitienesloquebuscas-com","title":{"rendered":"DVD CHAMPAGNE ! CHISPEANTE ELSA ZYLBERSTEIN SEALED WWW.AQUITIENESLOQUEBUSCAS.COM"},"content":{"rendered":"<p>WWW.AQUITIENESLOQUEBUSCAS.COM<\/p>\n<p>SEALED. PRECINTADO.<\/p>\n<p>AUDIO: FRANC\u00c9S<br \/>\nCASTELLANO CATAL\u00c1N.<\/p>\n<p>REGI\u00d3N 2.<\/p>\n<p>Fran\u00e7ois Berl\u00e9and<br \/>\nMa\u00eetre de c\u00e9r\u00e9monie<\/p>\n<p>Sylvie Testud<br \/>\nJoanna<\/p>\n<p>Fran\u00e7ois-Xavier Demaison<br \/>\nJean<\/p>\n<p>Elsa Zylberstein<br \/>\nRomane<\/p>\n<p>Val\u00e9rie Karsenti<br \/>\nC\u00e9line<\/p>\n<p>Claire Chust<br \/>\nChristine<\/p>\n<p>St\u00e9fi Celma<br \/>\nIrina<\/p>\n<p>St\u00e9phane De Groodt<br \/>\nPatrick<\/p>\n<p>\u00c9ric Elmosnino<br \/>\nGuillaume<\/p>\n<p>Philippe Chevallier<br \/>\nGilbert<\/p>\n<p>Ariele S\u00e9m\u00e9noff<br \/>\nSylviane<\/p>\n<p>Marie-Julie Baup<br \/>\nMarie<\/p>\n<p>Andr\u00e9 Penvern<br \/>\nAndr\u00e9<\/p>\n<p>Matthieu Warter<\/p>\n<p>Sylvie Paupardin<br \/>\nLa guide<\/p>\n<p>Philippe Rigot<br \/>\nG\u00e9rard<\/p>\n<p>Pierre L\u00e9on Luneau<br \/>\nColl\u00e8gue sommelier<\/p>\n<p>Samuel Hibon<br \/>\nColl\u00e8gue gardien mus\u00e9e<\/p>\n<p>Max Lobjois<br \/>\nUn \u00e9tudiant<\/p>\n<p>G\u00e9rald Portenart<br \/>\nLieutenant de police<\/p>\n","protected":false},"excerpt":{"rendered":"<p>WWW.AQUITIENESLOQUEBUSCAS.COM SEALED. PRECINTADO. AUDIO: FRANC\u00c9S CASTELLANO CATAL\u00c1N. REGI\u00d3N 2. Fran\u00e7ois Berl\u00e9and Ma\u00eetre de c\u00e9r\u00e9monie Sylvie Testud Joanna Fran\u00e7ois-Xavier Demaison Jean Elsa Zylberstein Romane Val\u00e9rie Karsenti C\u00e9line Claire Chust Christine St\u00e9fi Celma Irina St\u00e9phane De Groodt Patrick \u00c9ric Elmosnino Guillaume Philippe Chevallier Gilbert Ariele S\u00e9m\u00e9noff Sylviane Marie-Julie Baup Marie Andr\u00e9 Penvern Andr\u00e9 Matthieu Warter Sylvie Paupardin [&hellip;]<\/p>\n","protected":false},"featured_media":6921,"comment_status":"closed","ping_status":"closed","template":"","meta":[],"product_brand":[],"product_cat":[17,26],"product_tag":[],"class_list":{"0":"post-6920","1":"product","2":"type-product","3":"status-publish","4":"has-post-thumbnail","6":"product_cat-cine","7":"product_cat-dvds-cine","9":"first","10":"instock","11":"shipping-taxable","12":"purchasable","13":"product-type-simple"},"_links":{"self":[{"href":"https:\/\/coleccionismomusicaycine.com\/index.php?rest_route=\/wp\/v2\/product\/6920","targetHints":{"allow":["GET"]}}],"collection":[{"href":"https:\/\/coleccionismomusicaycine.com\/index.php?rest_route=\/wp\/v2\/product"}],"about":[{"href":"https:\/\/coleccionismomusicaycine.com\/index.php?rest_route=\/wp\/v2\/types\/product"}],"replies":[{"embeddable":true,"href":"https:\/\/coleccionismomusicaycine.com\/index.php?rest_route=%2Fwp%2Fv2%2Fcomments&post=6920"}],"wp:featuredmedia":[{"embeddable":true,"href":"https:\/\/coleccionismomusicaycine.com\/index.php?rest_route=\/wp\/v2\/media\/6921"}],"wp:attachment":[{"href":"https:\/\/coleccionismomusicaycine.com\/index.php?rest_route=%2Fwp%2Fv2%2Fmedia&parent=6920"}],"wp:term":[{"taxonomy":"product_brand","embeddable":true,"href":"https:\/\/coleccionismomusicaycine.com\/index.php?rest_route=%2Fwp%2Fv2%2Fproduct_brand&post=6920"},{"taxonomy":"product_cat","embeddable":true,"href":"https:\/\/coleccionismomusicaycine.com\/index.php?rest_route=%2Fwp%2Fv2%2Fproduct_cat&post=6920"},{"taxonomy":"product_tag","embeddable":true,"href":"https:\/\/coleccionismomusicaycine.com\/index.php?rest_route=%2Fwp%2Fv2%2Fproduct_tag&post=6920"}],"curies":[{"name":"wp","href":"https:\/\/api.w.org\/{rel}","templated":true}]}}