{"id":7114,"date":"2026-04-02T14:06:36","date_gmt":"2026-04-02T14:06:36","guid":{"rendered":"https:\/\/coleccionismomusicaycine.com\/?post_type=product&#038;p=7114"},"modified":"2026-04-02T14:19:23","modified_gmt":"2026-04-02T14:19:23","slug":"dvd-spider-man-la-trilogia-origins-collection-sealed-aquitienesloquebuscas-com","status":"publish","type":"product","link":"https:\/\/coleccionismomusicaycine.com\/?product=dvd-spider-man-la-trilogia-origins-collection-sealed-aquitienesloquebuscas-com","title":{"rendered":"DVD SPIDER-MAN LA TRILOG\u00cdA ORIGINS COLLECTION SEALED AQUITIENESLOQUEBUSCAS.COM"},"content":{"rendered":"<p>WWW.AQUITIENESLOQUEBUSCAS.COM<\/p>\n<p>SEALED. PRECINTADO.<\/p>\n<p>REGI\u00d3N 2.<\/p>\n<p>SPIDERMAN 1 <\/p>\n<p>IDIOMAS: CASTELLANO INGL\u00c9S CATAL\u00c1N.<\/p>\n<p>Tobey Maguire<br \/>\nSpider-Man, Peter Parker<\/p>\n<p>Kirsten Dunst<br \/>\nMary Jane Watson<\/p>\n<p>Willem Dafoe<\/p>\n<p>James Franco<br \/>\nHarry Osborn<\/p>\n<p>Elizabeth Banks<br \/>\nBetty Brant<\/p>\n<p>Joe Manganiello<br \/>\nFlash Thompson<\/p>\n<p>Cliff Robertson<br \/>\nT\u00edo Ben<\/p>\n<p>J. K. Simmons<br \/>\nJ. Jonah Jameson<\/p>\n<p>Rosemary Harris<br \/>\nT\u00eda May<\/p>\n<p>Randy Savage<br \/>\nBonesaw McGraw<\/p>\n<p>Bill Nunn<br \/>\nRobbie Robertson<\/p>\n<p>Kristen Marie Holly<br \/>\nYoung Lady at Fire<\/p>\n<p>Don Burgess<\/p>\n<p>Brian J. Williams<\/p>\n<p>Ted Raimi<br \/>\nHoffman<\/p>\n<p>Lucy Lawless<br \/>\nMujer punk<\/p>\n<p>Bill Calvert<br \/>\nBombero<\/p>\n<p>Taylor Gilbert<br \/>\nMadeline Watson<\/p>\n<p>Joe Virzi<br \/>\nNew Yorker on Bridge #1<\/p>\n<p>Scott Spiegel<br \/>\nMarine Cop<\/p>\n<p>John Paxton<br \/>\nBernard<\/p>\n<p>Timothy Patrick Quill<br \/>\nGuardia en las luchas<\/p>\n<p>Jill Sayre<br \/>\nEnfermera<\/p>\n<p>Michael Edward Thomas<br \/>\nNew Yorker on Bridge #2<\/p>\n<p>Octavia Spencer<br \/>\nMujer de la inscripci\u00f3n<\/p>\n<p>Shan Omar Huey<br \/>\nMaestro<\/p>\n<p>Michael Papajohn<br \/>\nRatero<\/p>\n<p>Jack Betts<br \/>\nHenry Balkan<\/p>\n<p>Jason Padgett<br \/>\nAmigo de Flash<\/p>\n<p>Larry Joshua<br \/>\nPromotor de luchas<\/p>\n<p>Natalie T. Yeo<br \/>\nBone-ette<\/p>\n<p>Tim De Zarn<br \/>\nPhilip Watson<\/p>\n<p>Stanley Anderson<br \/>\nGeneral Slocum<\/p>\n<p>Gerry Becker<br \/>\nMaximilian Fargas<\/p>\n<p>Deborah Wakeham<br \/>\nBilly\u2019s Mom<\/p>\n<p>K. K. Dodds<br \/>\nEllie Simkins<\/p>\n<p>Myk Watford<br \/>\nPolic\u00eda en incendio<\/p>\n<p>Alex Black<br \/>\nChico en el tranv\u00eda<\/p>\n<p>Brad Grunberg<br \/>\nHeckler<\/p>\n<p>Ajay Mehta<br \/>\nCabbie #1<\/p>\n<p>David Holcomb<br \/>\nTest Pilot<\/p>\n<p>Amy Bouril<br \/>\nOffice Lady<\/p>\n<p>Daniel Gillies<\/p>\n<p>Jim Ward<br \/>\nProject Coordinator<\/p>\n<p>Donna Murphy<\/p>\n<p>Corey Taylor<\/p>\n<p>Sara Ram\u00edrez<br \/>\nPolic\u00eda<\/p>\n<p>Macy Gray<\/p>\n<p>SPIDERMAN 2<\/p>\n<p>IDIOMAS: CASTELLANO INGL\u00c9S CATAL\u00c1N.<\/p>\n<p>Tobey Maguire<br \/>\nSpider-Man<\/p>\n<p>Stan Lee<br \/>\nHombre que esquiva escombros<\/p>\n<p>Kirsten Dunst<br \/>\nMary Jane Watson<\/p>\n<p>Alfred Molina<br \/>\nDoctor Octopus<\/p>\n<p>Willem Dafoe<br \/>\nDuende Verde, Norman Osborn<\/p>\n<p>Bruce Campbell<br \/>\nSeguridad del teatro<\/p>\n<p>James Franco<br \/>\nHarry Osborn<\/p>\n<p>Emily Deschanel<br \/>\nRecepcionista<\/p>\n<p>Daniel Gillies<br \/>\nJohn Jameson<\/p>\n<p>Donna Murphy<br \/>\nRosalie Octavius<\/p>\n<p>Elizabeth Banks<br \/>\nBetty Brant<\/p>\n<p>Rosemary Harris<br \/>\nT\u00eda May<\/p>\n<p>Dylan Baker<br \/>\nLagarto<\/p>\n<p>J. K. Simmons<br \/>\nJ. Jonah Jameson<\/p>\n<p>Joel McHale<br \/>\nSr. Jacks<\/p>\n<p>Cliff Robertson<br \/>\nT\u00edo Ben<\/p>\n<p>Vanessa Ferlito<br \/>\nLouise<\/p>\n<p>Aasif Mandvi<br \/>\nSr. Aziz<\/p>\n<p>Ted Raimi<br \/>\nHoffman<\/p>\n<p>Daniel Dae Kim<br \/>\nRaymond<\/p>\n<p>Bill Nunn<br \/>\nRobbie Robertson<\/p>\n<p>Brianna Brown<br \/>\nPasajera del tren<\/p>\n<p>Joey Diaz<br \/>\nPasajero del tren<\/p>\n<p>Joy Bryant<br \/>\nTestigo<\/p>\n<p>Tony Campisi<br \/>\nTrain Passenger #4<\/p>\n<p>Mageina Tovah<br \/>\nUrsula<\/p>\n<p>Chloe Dykstra<br \/>\nPasajero del tren<\/p>\n<p>Hal Sparks<br \/>\nHombre del ascensor<\/p>\n<p>Reed Diamond<br \/>\nAlgernon<\/p>\n<p>Elyse Dinh<br \/>\nViolinista callejera<\/p>\n<p>Molly Cheek<br \/>\nPresentadora en evento<\/p>\n<p>Christine Estabrook<br \/>\nMarla Jameson<\/p>\n<p>Gregg Edelman<br \/>\nDr. Davis<\/p>\n<p>Kelly Connell<br \/>\nDoctor Isaacs<\/p>\n<p>John Landis<br \/>\nM\u00e9dico<\/p>\n<p>Elya Baskin<br \/>\nSr. Ditkovich<\/p>\n<p>Roshon Fegan<br \/>\nNi\u00f1o sorprendido<\/p>\n<p>Marc John Jefferies<br \/>\nAmazed Kid #1<\/p>\n<p>Anne Betancourt<br \/>\nWoman at Fire<\/p>\n<p>Scott Spiegel<br \/>\nHombre en el balc\u00f3n<\/p>\n<p>Brent Briscoe<br \/>\nVagabundo<\/p>\n<p>Dan Hicks<br \/>\nPasajero del tren<\/p>\n<p>Timothy Jerome<br \/>\nInjured Scientist<\/p>\n<p>Andy Bale<br \/>\nOsCorp Executive<\/p>\n<p>Rickey G. Williams<br \/>\nPasajero del tren<\/p>\n<p>Donnell Rawlings<br \/>\nPizza \u2018Heist\u2019 Witness<\/p>\n<p>Tony Mazzucchi<\/p>\n<p>Taylor Gilbert<br \/>\nMadeline Watson<\/p>\n<p>Peter McRobbie<br \/>\nMiembro de Oscorp<\/p>\n<p>Louis Lombardi<br \/>\nPoker Player<\/p>\n<p>Jopaul Van Epp<br \/>\nBoy with Mask #1<\/p>\n<p>SPIDERMAN 3<\/p>\n<p>IDIOMAS: CASTELLANO INGL\u00c9S<br \/>\nCATAL\u00c1N PORTUGU\u00c9S.<\/p>\n<p>Tobey Maguire<br \/>\nSpider-Man<\/p>\n<p>Kirsten Dunst<br \/>\nMary Jane Watson<\/p>\n<p>Thomas Haden Church<br \/>\nHombre de Arena, Flint Marko<\/p>\n<p>Topher Grace<br \/>\nVenom, Venom<\/p>\n<p>Bryce Dallas Howard<br \/>\nGwen Stacy<\/p>\n<p>James Franco<br \/>\nHarry Osborn<\/p>\n<p>Bruce Campbell<br \/>\nRecepcionista franc\u00e9s<\/p>\n<p>J. K. Simmons<br \/>\nJ. Jonah Jameson<\/p>\n<p>Elizabeth Banks<br \/>\nBetty Brant<\/p>\n<p>James Cromwell<br \/>\nGeorge Stacy<\/p>\n<p>Willem Dafoe<br \/>\nDuende Verde<\/p>\n<p>Rosemary Harris<br \/>\nT\u00eda May<\/p>\n<p>Mageina Tovah<br \/>\nUrsula<\/p>\n<p>Bill Nunn<br \/>\nRobbie Robertson<\/p>\n<p>Timothy Patrick Quill<br \/>\nCrane Operator<\/p>\n<p>Theresa Russell<br \/>\nEmma Marko<\/p>\n<p>Joe Manganiello<br \/>\nFlash Thompson<\/p>\n<p>Dylan Baker<br \/>\nLagarto<\/p>\n<p>Lucy Gordon<br \/>\nJennifer Dugan<\/p>\n<p>Cliff Robertson<br \/>\nT\u00edo Ben<\/p>\n<p>Steve Valentine<br \/>\nFot\u00f3grafo de Gwen<\/p>\n<p>Joe Bays<br \/>\nJazz Club Manager<\/p>\n<p>Marc Vann<br \/>\nPlay Producer<\/p>\n<p>Tim Maculan<br \/>\nDirector de teatro<\/p>\n<p>Perla Haney-Jardine<br \/>\nPenny Marko<\/p>\n<p>Elya Baskin<br \/>\nSr. Ditkovich<\/p>\n<p>Hal Fishman<br \/>\nComentarista en TV<\/p>\n<p>Rogelio T. Ramos<br \/>\nDoctor<\/p>\n<p>Becky Ann Baker<br \/>\nMrs. Stacy<\/p>\n<p>Ted Raimi<br \/>\nHoffman<\/p>\n<p>Michael Papajohn<br \/>\nRatero<\/p>\n<p>John Paxton<br \/>\nBernard<\/p>\n<p>Gregg Daniel<br \/>\nPrecinct Detective<\/p>\n<p>Emilio Rivera<br \/>\nPoliceman at Sand Truck #1<\/p>\n<p>April Parker Jones<br \/>\nTest Site Technician #1<\/p>\n<p>Andre B. Blake<br \/>\nCrane Disaster Radio Policeman<\/p>\n<p>Dean Edwards<br \/>\nHombre en puesto de revistas<\/p>\n<p>Lorne Raimi<br \/>\nNi\u00f1o fan<\/p>\n<p>Toni Wynne<br \/>\nEmpleada de Bugle<\/p>\n<p>Tanya Bond<br \/>\nJazz Club Waitress #1<\/p>\n<p>Joel McHale<\/p>\n<p>Daniel Gillies<\/p>\n<p>Christina Cindrich<br \/>\nT\u00e9cnico de laboratorio<\/p>\n<p>Jessi Collins<br \/>\nMary Jane\u2019s Replacement<\/p>\n<p>Margaret Laney<br \/>\nHombre en puesto de revistas<\/p>\n<p>Emma Raimi<br \/>\nNi\u00f1a con c\u00e1mara<\/p>\n","protected":false},"excerpt":{"rendered":"<p>WWW.AQUITIENESLOQUEBUSCAS.COM SEALED. PRECINTADO. REGI\u00d3N 2. SPIDERMAN 1 IDIOMAS: CASTELLANO INGL\u00c9S CATAL\u00c1N. Tobey Maguire Spider-Man, Peter Parker Kirsten Dunst Mary Jane Watson Willem Dafoe James Franco Harry Osborn Elizabeth Banks Betty Brant Joe Manganiello Flash Thompson Cliff Robertson T\u00edo Ben J. K. Simmons J. Jonah Jameson Rosemary Harris T\u00eda May Randy Savage Bonesaw McGraw Bill Nunn [&hellip;]<\/p>\n","protected":false},"featured_media":7115,"comment_status":"closed","ping_status":"closed","template":"","meta":[],"product_brand":[],"product_cat":[17,26],"product_tag":[],"class_list":{"0":"post-7114","1":"product","2":"type-product","3":"status-publish","4":"has-post-thumbnail","6":"product_cat-cine","7":"product_cat-dvds-cine","9":"first","10":"instock","11":"shipping-taxable","12":"purchasable","13":"product-type-simple"},"_links":{"self":[{"href":"https:\/\/coleccionismomusicaycine.com\/index.php?rest_route=\/wp\/v2\/product\/7114","targetHints":{"allow":["GET"]}}],"collection":[{"href":"https:\/\/coleccionismomusicaycine.com\/index.php?rest_route=\/wp\/v2\/product"}],"about":[{"href":"https:\/\/coleccionismomusicaycine.com\/index.php?rest_route=\/wp\/v2\/types\/product"}],"replies":[{"embeddable":true,"href":"https:\/\/coleccionismomusicaycine.com\/index.php?rest_route=%2Fwp%2Fv2%2Fcomments&post=7114"}],"wp:featuredmedia":[{"embeddable":true,"href":"https:\/\/coleccionismomusicaycine.com\/index.php?rest_route=\/wp\/v2\/media\/7115"}],"wp:attachment":[{"href":"https:\/\/coleccionismomusicaycine.com\/index.php?rest_route=%2Fwp%2Fv2%2Fmedia&parent=7114"}],"wp:term":[{"taxonomy":"product_brand","embeddable":true,"href":"https:\/\/coleccionismomusicaycine.com\/index.php?rest_route=%2Fwp%2Fv2%2Fproduct_brand&post=7114"},{"taxonomy":"product_cat","embeddable":true,"href":"https:\/\/coleccionismomusicaycine.com\/index.php?rest_route=%2Fwp%2Fv2%2Fproduct_cat&post=7114"},{"taxonomy":"product_tag","embeddable":true,"href":"https:\/\/coleccionismomusicaycine.com\/index.php?rest_route=%2Fwp%2Fv2%2Fproduct_tag&post=7114"}],"curies":[{"name":"wp","href":"https:\/\/api.w.org\/{rel}","templated":true}]}}