{"id":7247,"date":"2026-04-08T16:29:57","date_gmt":"2026-04-08T16:29:57","guid":{"rendered":"https:\/\/coleccionismomusicaycine.com\/?post_type=product&#038;p=7247"},"modified":"2026-04-11T20:08:52","modified_gmt":"2026-04-11T20:08:52","slug":"cd-dvd-sergio-contreras-edicion-limitada-sealed-aquitienesloquebuscas-com","status":"publish","type":"product","link":"https:\/\/coleccionismomusicaycine.com\/?product=cd-dvd-sergio-contreras-edicion-limitada-sealed-aquitienesloquebuscas-com","title":{"rendered":"CD + DVD SERGIO CONTRERAS EDICI\u00d3N LIMITADA SEALED AQUITIENESLOQUEBUSCAS.COM"},"content":{"rendered":"<p>WWW.AQUITIENESLOQUEBUSCAS.COM<\/p>\n<p>SEALED. PRECINTADO.<\/p>\n<p>CD<br \/>\n1\tCarita De Mu\u00f1eca<br \/>\n2\tYo No Digo Na<br \/>\n3\tSin Ti El Mundo Gira<br \/>\n4\tLlena De Luz Y De Sal<br \/>\n5\tLetras Malditas<br \/>\n6\tYo Te Siento<br \/>\n7\tEl Espejo (Versi\u00f3n Ac\u00fastica)<br \/>\n8\tM\u00edrame<br \/>\n9\tOnce M<br \/>\n10\tGracias<br \/>\n11\tNi\u00f1a Sin Ti (Con David DeMar\u00eda)<br \/>\nFeaturing \u2013 David DeMar\u00eda<br \/>\n12\tYo No Quise<br \/>\n13\tEle<br \/>\n14\tAndaluces Disparando Cante (Con Miguel Saez)<br \/>\nFeaturing \u2013 Miguel Saez<br \/>\n15\tRacismo (Maqueta \u00abAsere\u00bb)<br \/>\n16\tLa Leyenda (Maqueta \u00abAsere\u00bb)<br \/>\nDVD<br \/>\n1\tCarita De Mu\u00f1eca (Videoclip)<br \/>\n2\tYo Te Siento (Videoclip)<br \/>\n3\tEl Espejo (Videoclip)<br \/>\n4\tAndaluces Disparando Cante (Videoclip)<br \/>\n5\tM\u00edrame (Videoclip)<br \/>\n6\tLetras Malditas (Videoclip)<br \/>\n7\tLlena De Luz Y De Sal (Videoclip)<br \/>\n8\tGira \u00abEl Espejo\u00bb (Documental)<br \/>\n9\tVideoclip Andaluces Disparando Cante (Making Off)<br \/>\n10\tGrabaci\u00f3n \u00abSin Ti El Mundo Gira\u00bb (Making Off)<\/p>\n","protected":false},"excerpt":{"rendered":"<p>WWW.AQUITIENESLOQUEBUSCAS.COM SEALED. PRECINTADO. CD 1 Carita De Mu\u00f1eca 2 Yo No Digo Na 3 Sin Ti El Mundo Gira 4 Llena De Luz Y De Sal 5 Letras Malditas 6 Yo Te Siento 7 El Espejo (Versi\u00f3n Ac\u00fastica) 8 M\u00edrame 9 Once M 10 Gracias 11 Ni\u00f1a Sin Ti (Con David DeMar\u00eda) Featuring \u2013 David [&hellip;]<\/p>\n","protected":false},"featured_media":7248,"comment_status":"closed","ping_status":"closed","template":"","meta":[],"product_brand":[],"product_cat":[21,22,18],"product_tag":[],"class_list":{"0":"post-7247","1":"product","2":"type-product","3":"status-publish","4":"has-post-thumbnail","6":"product_cat-cds","7":"product_cat-dvds","8":"product_cat-musica","10":"first","11":"instock","12":"shipping-taxable","13":"purchasable","14":"product-type-simple"},"_links":{"self":[{"href":"https:\/\/coleccionismomusicaycine.com\/index.php?rest_route=\/wp\/v2\/product\/7247","targetHints":{"allow":["GET"]}}],"collection":[{"href":"https:\/\/coleccionismomusicaycine.com\/index.php?rest_route=\/wp\/v2\/product"}],"about":[{"href":"https:\/\/coleccionismomusicaycine.com\/index.php?rest_route=\/wp\/v2\/types\/product"}],"replies":[{"embeddable":true,"href":"https:\/\/coleccionismomusicaycine.com\/index.php?rest_route=%2Fwp%2Fv2%2Fcomments&post=7247"}],"wp:featuredmedia":[{"embeddable":true,"href":"https:\/\/coleccionismomusicaycine.com\/index.php?rest_route=\/wp\/v2\/media\/7248"}],"wp:attachment":[{"href":"https:\/\/coleccionismomusicaycine.com\/index.php?rest_route=%2Fwp%2Fv2%2Fmedia&parent=7247"}],"wp:term":[{"taxonomy":"product_brand","embeddable":true,"href":"https:\/\/coleccionismomusicaycine.com\/index.php?rest_route=%2Fwp%2Fv2%2Fproduct_brand&post=7247"},{"taxonomy":"product_cat","embeddable":true,"href":"https:\/\/coleccionismomusicaycine.com\/index.php?rest_route=%2Fwp%2Fv2%2Fproduct_cat&post=7247"},{"taxonomy":"product_tag","embeddable":true,"href":"https:\/\/coleccionismomusicaycine.com\/index.php?rest_route=%2Fwp%2Fv2%2Fproduct_tag&post=7247"}],"curies":[{"name":"wp","href":"https:\/\/api.w.org\/{rel}","templated":true}]}}