{"id":7402,"date":"2026-04-12T13:48:24","date_gmt":"2026-04-12T13:48:24","guid":{"rendered":"https:\/\/coleccionismomusicaycine.com\/?post_type=product&#038;p=7402"},"modified":"2026-04-12T13:48:24","modified_gmt":"2026-04-12T13:48:24","slug":"dvd-the-invisible-circus-jordana-brewster-cameron-diaz-aquitienesloquebuscas-com","status":"publish","type":"product","link":"https:\/\/coleccionismomusicaycine.com\/?product=dvd-the-invisible-circus-jordana-brewster-cameron-diaz-aquitienesloquebuscas-com","title":{"rendered":"DVD THE INVISIBLE CIRCUS JORDANA BREWSTER CAMERON DIAZ AQUITIENESLOQUEBUSCAS.COM"},"content":{"rendered":"<p>WWW.AQUITIENESLOQUEBUSCAS.COM<\/p>\n<p>DVD CON SE\u00d1ALES DE USO<br \/>\nPERO EN MUY BUEN ESTADO.<\/p>\n<p>CAJA CASI COMO NUEVA.<\/p>\n<p>DVD SHOWS SIGNS OF USE, BUT<br \/>\nIS IN VERY GOOD CONDITION.<\/p>\n<p>CASE IS ALMOST LIKE NEW.<\/p>\n<p>IDIOMA: ESPA\u00d1OL<\/p>\n<p>SUBT\u00cdTULOS: ESPA\u00d1OL<br \/>\n& INGL\u00c9S.<\/p>\n<p>REGI\u00d3N 2.<\/p>\n<p>NACIONALIDAD:<br \/>\nESTADOS UNIDOS.<\/p>\n<p>Cameron Diaz<br \/>\nFaith<\/p>\n<p>Jordana Brewster<br \/>\nPhoebe O\u2019 Connor<\/p>\n<p>Christopher Eccleston<br \/>\nWolf<\/p>\n<p>Philipp Weissert<br \/>\nSafehouse Leader<\/p>\n<p>Blythe Danner<br \/>\nGail<\/p>\n<p>Camilla Belle<br \/>\nPhoebe O\u2019 Connor<\/p>\n<p>Nikola Obermann<br \/>\nHannah<\/p>\n<p>Isabelle Pasco<br \/>\nClaire<\/p>\n<p>Moritz Bleibtreu<br \/>\nEric<\/p>\n<p>Patrick Bergin<br \/>\nGene<\/p>\n<p>Ricky Koole<br \/>\nNikki<\/p>\n<p>Edward Olive<\/p>\n<p>Marianne Hettinger<\/p>\n","protected":false},"excerpt":{"rendered":"<p>WWW.AQUITIENESLOQUEBUSCAS.COM DVD CON SE\u00d1ALES DE USO PERO EN MUY BUEN ESTADO. CAJA CASI COMO NUEVA. DVD SHOWS SIGNS OF USE, BUT IS IN VERY GOOD CONDITION. CASE IS ALMOST LIKE NEW. IDIOMA: ESPA\u00d1OL SUBT\u00cdTULOS: ESPA\u00d1OL &#038; INGL\u00c9S. REGI\u00d3N 2. NACIONALIDAD: ESTADOS UNIDOS. Cameron Diaz Faith Jordana Brewster Phoebe O\u2019 Connor Christopher Eccleston Wolf Philipp Weissert [&hellip;]<\/p>\n","protected":false},"featured_media":7403,"comment_status":"closed","ping_status":"closed","template":"","meta":[],"product_brand":[],"product_cat":[17,26],"product_tag":[],"class_list":{"0":"post-7402","1":"product","2":"type-product","3":"status-publish","4":"has-post-thumbnail","6":"product_cat-cine","7":"product_cat-dvds-cine","9":"first","10":"instock","11":"shipping-taxable","12":"purchasable","13":"product-type-simple"},"_links":{"self":[{"href":"https:\/\/coleccionismomusicaycine.com\/index.php?rest_route=\/wp\/v2\/product\/7402","targetHints":{"allow":["GET"]}}],"collection":[{"href":"https:\/\/coleccionismomusicaycine.com\/index.php?rest_route=\/wp\/v2\/product"}],"about":[{"href":"https:\/\/coleccionismomusicaycine.com\/index.php?rest_route=\/wp\/v2\/types\/product"}],"replies":[{"embeddable":true,"href":"https:\/\/coleccionismomusicaycine.com\/index.php?rest_route=%2Fwp%2Fv2%2Fcomments&post=7402"}],"wp:featuredmedia":[{"embeddable":true,"href":"https:\/\/coleccionismomusicaycine.com\/index.php?rest_route=\/wp\/v2\/media\/7403"}],"wp:attachment":[{"href":"https:\/\/coleccionismomusicaycine.com\/index.php?rest_route=%2Fwp%2Fv2%2Fmedia&parent=7402"}],"wp:term":[{"taxonomy":"product_brand","embeddable":true,"href":"https:\/\/coleccionismomusicaycine.com\/index.php?rest_route=%2Fwp%2Fv2%2Fproduct_brand&post=7402"},{"taxonomy":"product_cat","embeddable":true,"href":"https:\/\/coleccionismomusicaycine.com\/index.php?rest_route=%2Fwp%2Fv2%2Fproduct_cat&post=7402"},{"taxonomy":"product_tag","embeddable":true,"href":"https:\/\/coleccionismomusicaycine.com\/index.php?rest_route=%2Fwp%2Fv2%2Fproduct_tag&post=7402"}],"curies":[{"name":"wp","href":"https:\/\/api.w.org\/{rel}","templated":true}]}}