{"id":899,"date":"2024-09-08T15:47:26","date_gmt":"2024-09-08T15:47:26","guid":{"rendered":"https:\/\/coleccionismomusicaycine.com\/?post_type=product&#038;p=899"},"modified":"2026-01-01T16:10:31","modified_gmt":"2026-01-01T16:10:31","slug":"dvd-jodie-moore-michael-ninn-perfect-bullet-time-matrix-aquitienesloquebuscas","status":"publish","type":"product","link":"https:\/\/coleccionismomusicaycine.com\/?product=dvd-jodie-moore-michael-ninn-perfect-bullet-time-matrix-aquitienesloquebuscas","title":{"rendered":"DVD JODIE MOORE MICHAEL NINN PERFECT BULLET TIME MATRIX AQUITIENESLOQUEBUSCAS"},"content":{"rendered":"<p>WWW.AQUITIENESLOQUEBUSCAS.COM<\/p>\n<p>DVD NEAR MINT.<br \/>\nCAR\u00c1TULA CON SE\u00d1ALES DE USO.<br \/>\nCAJA NUEVA.<\/p>\n<p>HAMILTON STEELE DON HOLLYWOOD<br \/>\nJULIA ANN NIKITA DENISE<br \/>\nDRU BERRYMORE MIA SMILES<br \/>\nMONICA MAYHEM LAYLA JADE<br \/>\nSHAY SIGHTS FLICK SHAGWELL<br \/>\nTINA TYLER WENDY DIVINE<br \/>\nBROOKE HUNTER KRISTAL SUMMERS<br \/>\nSABRINE MAUI JODIE MOORE<br \/>\nKELLY STEELE FUJIKO KANO<br \/>\nBRIDGET POWERS KIWI ERIC<br \/>\nMASTERSON TYCE BUNE NICK<br \/>\nMANNING DALE DABONE<br \/>\nALEX ROX DAVE CUMMINGS<br \/>\nGINO COLBERT CRAIG MOORE<br \/>\nGEORGE KAPLAN LEE GARLAND<br \/>\nGREG TEMPTATION WAYNE TYME.<\/p>\n<p>IDIOMAS: AMERICANO FRANC\u00c9S<br \/>\nINGL\u00c9S ALEM\u00c1N ESPA\u00d1OL ITALIANO.<\/p>\n<p>PARA TODAS LAS REGIONES.<br \/>\nALL REGIONS.<\/p>\n","protected":false},"excerpt":{"rendered":"<p>WWW.AQUITIENESLOQUEBUSCAS.COM DVD NEAR MINT. CAR\u00c1TULA CON SE\u00d1ALES DE USO. CAJA NUEVA. HAMILTON STEELE DON HOLLYWOOD JULIA ANN NIKITA DENISE DRU BERRYMORE MIA SMILES MONICA MAYHEM LAYLA JADE SHAY SIGHTS FLICK SHAGWELL TINA TYLER WENDY DIVINE BROOKE HUNTER KRISTAL SUMMERS SABRINE MAUI JODIE MOORE KELLY STEELE FUJIKO KANO BRIDGET POWERS KIWI ERIC MASTERSON TYCE BUNE NICK [&hellip;]<\/p>\n","protected":false},"featured_media":900,"comment_status":"closed","ping_status":"closed","template":"","meta":[],"product_brand":[],"product_cat":[16,19],"product_tag":[],"class_list":{"0":"post-899","1":"product","2":"type-product","3":"status-publish","4":"has-post-thumbnail","6":"product_cat-coleccionismo","7":"product_cat-coleccionismo-coleccionismo","9":"first","10":"instock","11":"shipping-taxable","12":"purchasable","13":"product-type-simple"},"_links":{"self":[{"href":"https:\/\/coleccionismomusicaycine.com\/index.php?rest_route=\/wp\/v2\/product\/899","targetHints":{"allow":["GET"]}}],"collection":[{"href":"https:\/\/coleccionismomusicaycine.com\/index.php?rest_route=\/wp\/v2\/product"}],"about":[{"href":"https:\/\/coleccionismomusicaycine.com\/index.php?rest_route=\/wp\/v2\/types\/product"}],"replies":[{"embeddable":true,"href":"https:\/\/coleccionismomusicaycine.com\/index.php?rest_route=%2Fwp%2Fv2%2Fcomments&post=899"}],"wp:featuredmedia":[{"embeddable":true,"href":"https:\/\/coleccionismomusicaycine.com\/index.php?rest_route=\/wp\/v2\/media\/900"}],"wp:attachment":[{"href":"https:\/\/coleccionismomusicaycine.com\/index.php?rest_route=%2Fwp%2Fv2%2Fmedia&parent=899"}],"wp:term":[{"taxonomy":"product_brand","embeddable":true,"href":"https:\/\/coleccionismomusicaycine.com\/index.php?rest_route=%2Fwp%2Fv2%2Fproduct_brand&post=899"},{"taxonomy":"product_cat","embeddable":true,"href":"https:\/\/coleccionismomusicaycine.com\/index.php?rest_route=%2Fwp%2Fv2%2Fproduct_cat&post=899"},{"taxonomy":"product_tag","embeddable":true,"href":"https:\/\/coleccionismomusicaycine.com\/index.php?rest_route=%2Fwp%2Fv2%2Fproduct_tag&post=899"}],"curies":[{"name":"wp","href":"https:\/\/api.w.org\/{rel}","templated":true}]}}